{"id":54,"date":"2019-05-01T23:15:57","date_gmt":"2019-05-01T21:15:57","guid":{"rendered":"http:\/\/dev.lepecqtrampoline.fr\/?page_id=54"},"modified":"2019-07-02T17:41:38","modified_gmt":"2019-07-02T15:41:38","slug":"ville-du-pecq","status":"publish","type":"page","link":"http:\/\/www.lepecqtrampoline.fr\/index.php\/ville-du-pecq\/","title":{"rendered":"Ville du Pecq"},"content":{"rendered":"\n<div class=\"wp-block-image\"><figure class=\"aligncenter\"><img loading=\"lazy\" width=\"273\" height=\"90\" src=\"http:\/\/dev.lepecqtrampoline.fr\/wp-content\/uploads\/2019\/07\/Capture-d\u2019e\u0301cran-2019-07-02-a\u0300-17.37.54.png\" alt=\"\" class=\"wp-image-754\"\/><\/figure><\/div>\n\n\n\n<p>Partenaire historique de notre club, la ville du Pecq par l\u2019octroi de subventions annuelles, la mise \u00e0 disposition de ses installations sportives pour les entrainements et les comp\u00e9titions et le dynamisme de son \u00e9quipe municipale contribue fortement au rayonnement du club.<\/p>\n\n\n\n<p style=\"text-align:center\"><strong>C&#8217;est notre premier supporter<\/strong>!<br><\/p>\n","protected":false},"excerpt":{"rendered":"<p>Partenaire historique de notre club, la ville du Pecq par l\u2019octroi de subventions annuelles, la mise \u00e0 disposition de ses installations sportives pour les entrainements et les comp\u00e9titions et le dynamisme de son \u00e9quipe municipale contribue fortement au rayonnement du club. C&#8217;est notre premier supporter!<\/p>\n","protected":false},"author":1,"featured_media":0,"parent":0,"menu_order":0,"comment_status":"closed","ping_status":"closed","template":"","meta":[],"yoast_head":"<!-- This site is optimized with the Yoast SEO plugin v18.4.1 - https:\/\/yoast.com\/wordpress\/plugins\/seo\/ -->\n<title>Ville du Pecq -<\/title>\n<meta name=\"robots\" content=\"index, follow, max-snippet:-1, max-image-preview:large, max-video-preview:-1\" \/>\n<link rel=\"canonical\" href=\"http:\/\/www.lepecqtrampoline.fr\/index.php\/ville-du-pecq\/\" \/>\n<meta property=\"og:locale\" content=\"en_US\" \/>\n<meta property=\"og:type\" content=\"article\" \/>\n<meta property=\"og:title\" content=\"Ville du Pecq -\" \/>\n<meta property=\"og:description\" content=\"Partenaire historique de notre club, la ville du Pecq par l\u2019octroi de subventions annuelles, la mise \u00e0 disposition de ses installations sportives pour les entrainements et les comp\u00e9titions et le dynamisme de son \u00e9quipe municipale contribue fortement au rayonnement du club. C&#8217;est notre premier supporter!\" \/>\n<meta property=\"og:url\" content=\"http:\/\/www.lepecqtrampoline.fr\/index.php\/ville-du-pecq\/\" \/>\n<meta property=\"article:publisher\" content=\"https:\/\/www.facebook.com\/Alpicairforce\/\" \/>\n<meta property=\"article:modified_time\" content=\"2019-07-02T15:41:38+00:00\" \/>\n<meta property=\"og:image\" content=\"http:\/\/dev.lepecqtrampoline.fr\/wp-content\/uploads\/2019\/07\/Capture-d\u2019e\u0301cran-2019-07-02-a\u0300-17.37.54.png\" \/>\n<meta name=\"twitter:card\" content=\"summary_large_image\" \/>\n<script type=\"application\/ld+json\" class=\"yoast-schema-graph\">{\"@context\":\"https:\/\/schema.org\",\"@graph\":[{\"@type\":\"Organization\",\"@id\":\"http:\/\/www.lepecqtrampoline.fr\/#organization\",\"name\":\"Alpic Air Force Academy\",\"url\":\"http:\/\/www.lepecqtrampoline.fr\/\",\"sameAs\":[\"https:\/\/www.facebook.com\/Alpicairforce\/\"],\"logo\":{\"@type\":\"ImageObject\",\"@id\":\"http:\/\/www.lepecqtrampoline.fr\/#logo\",\"inLanguage\":\"en-US\",\"url\":\"http:\/\/dev.lepecqtrampoline.fr\/wp-content\/uploads\/2019\/06\/logo.png\",\"contentUrl\":\"http:\/\/dev.lepecqtrampoline.fr\/wp-content\/uploads\/2019\/06\/logo.png\",\"width\":546,\"height\":220,\"caption\":\"Alpic Air Force Academy\"},\"image\":{\"@id\":\"http:\/\/www.lepecqtrampoline.fr\/#logo\"}},{\"@type\":\"WebSite\",\"@id\":\"http:\/\/www.lepecqtrampoline.fr\/#website\",\"url\":\"http:\/\/www.lepecqtrampoline.fr\/\",\"name\":\"AlpicAirForce Academy\",\"description\":\"\",\"publisher\":{\"@id\":\"http:\/\/www.lepecqtrampoline.fr\/#organization\"},\"potentialAction\":[{\"@type\":\"SearchAction\",\"target\":{\"@type\":\"EntryPoint\",\"urlTemplate\":\"http:\/\/www.lepecqtrampoline.fr\/?s={search_term_string}\"},\"query-input\":\"required name=search_term_string\"}],\"inLanguage\":\"en-US\"},{\"@type\":\"ImageObject\",\"@id\":\"http:\/\/www.lepecqtrampoline.fr\/index.php\/ville-du-pecq\/#primaryimage\",\"inLanguage\":\"en-US\",\"url\":\"http:\/\/dev.lepecqtrampoline.fr\/wp-content\/uploads\/2019\/07\/Capture-d\u2019e\u0301cran-2019-07-02-a\u0300-17.37.54.png\",\"contentUrl\":\"http:\/\/dev.lepecqtrampoline.fr\/wp-content\/uploads\/2019\/07\/Capture-d\u2019e\u0301cran-2019-07-02-a\u0300-17.37.54.png\",\"width\":273,\"height\":90},{\"@type\":\"WebPage\",\"@id\":\"http:\/\/www.lepecqtrampoline.fr\/index.php\/ville-du-pecq\/#webpage\",\"url\":\"http:\/\/www.lepecqtrampoline.fr\/index.php\/ville-du-pecq\/\",\"name\":\"Ville du Pecq -\",\"isPartOf\":{\"@id\":\"http:\/\/www.lepecqtrampoline.fr\/#website\"},\"primaryImageOfPage\":{\"@id\":\"http:\/\/www.lepecqtrampoline.fr\/index.php\/ville-du-pecq\/#primaryimage\"},\"datePublished\":\"2019-05-01T21:15:57+00:00\",\"dateModified\":\"2019-07-02T15:41:38+00:00\",\"breadcrumb\":{\"@id\":\"http:\/\/www.lepecqtrampoline.fr\/index.php\/ville-du-pecq\/#breadcrumb\"},\"inLanguage\":\"en-US\",\"potentialAction\":[{\"@type\":\"ReadAction\",\"target\":[\"http:\/\/www.lepecqtrampoline.fr\/index.php\/ville-du-pecq\/\"]}]},{\"@type\":\"BreadcrumbList\",\"@id\":\"http:\/\/www.lepecqtrampoline.fr\/index.php\/ville-du-pecq\/#breadcrumb\",\"itemListElement\":[{\"@type\":\"ListItem\",\"position\":1,\"name\":\"Accueil\",\"item\":\"http:\/\/www.lepecqtrampoline.fr\/\"},{\"@type\":\"ListItem\",\"position\":2,\"name\":\"Ville du Pecq\"}]}]}<\/script>\n<!-- \/ Yoast SEO plugin. -->","yoast_head_json":{"title":"Ville du Pecq -","robots":{"index":"index","follow":"follow","max-snippet":"max-snippet:-1","max-image-preview":"max-image-preview:large","max-video-preview":"max-video-preview:-1"},"canonical":"http:\/\/www.lepecqtrampoline.fr\/index.php\/ville-du-pecq\/","og_locale":"en_US","og_type":"article","og_title":"Ville du Pecq -","og_description":"Partenaire historique de notre club, la ville du Pecq par l\u2019octroi de subventions annuelles, la mise \u00e0 disposition de ses installations sportives pour les entrainements et les comp\u00e9titions et le dynamisme de son \u00e9quipe municipale contribue fortement au rayonnement du club. C&#8217;est notre premier supporter!","og_url":"http:\/\/www.lepecqtrampoline.fr\/index.php\/ville-du-pecq\/","article_publisher":"https:\/\/www.facebook.com\/Alpicairforce\/","article_modified_time":"2019-07-02T15:41:38+00:00","og_image":[{"url":"http:\/\/dev.lepecqtrampoline.fr\/wp-content\/uploads\/2019\/07\/Capture-d\u2019e\u0301cran-2019-07-02-a\u0300-17.37.54.png"}],"twitter_card":"summary_large_image","schema":{"@context":"https:\/\/schema.org","@graph":[{"@type":"Organization","@id":"http:\/\/www.lepecqtrampoline.fr\/#organization","name":"Alpic Air Force Academy","url":"http:\/\/www.lepecqtrampoline.fr\/","sameAs":["https:\/\/www.facebook.com\/Alpicairforce\/"],"logo":{"@type":"ImageObject","@id":"http:\/\/www.lepecqtrampoline.fr\/#logo","inLanguage":"en-US","url":"http:\/\/dev.lepecqtrampoline.fr\/wp-content\/uploads\/2019\/06\/logo.png","contentUrl":"http:\/\/dev.lepecqtrampoline.fr\/wp-content\/uploads\/2019\/06\/logo.png","width":546,"height":220,"caption":"Alpic Air Force Academy"},"image":{"@id":"http:\/\/www.lepecqtrampoline.fr\/#logo"}},{"@type":"WebSite","@id":"http:\/\/www.lepecqtrampoline.fr\/#website","url":"http:\/\/www.lepecqtrampoline.fr\/","name":"AlpicAirForce Academy","description":"","publisher":{"@id":"http:\/\/www.lepecqtrampoline.fr\/#organization"},"potentialAction":[{"@type":"SearchAction","target":{"@type":"EntryPoint","urlTemplate":"http:\/\/www.lepecqtrampoline.fr\/?s={search_term_string}"},"query-input":"required name=search_term_string"}],"inLanguage":"en-US"},{"@type":"ImageObject","@id":"http:\/\/www.lepecqtrampoline.fr\/index.php\/ville-du-pecq\/#primaryimage","inLanguage":"en-US","url":"http:\/\/dev.lepecqtrampoline.fr\/wp-content\/uploads\/2019\/07\/Capture-d\u2019e\u0301cran-2019-07-02-a\u0300-17.37.54.png","contentUrl":"http:\/\/dev.lepecqtrampoline.fr\/wp-content\/uploads\/2019\/07\/Capture-d\u2019e\u0301cran-2019-07-02-a\u0300-17.37.54.png","width":273,"height":90},{"@type":"WebPage","@id":"http:\/\/www.lepecqtrampoline.fr\/index.php\/ville-du-pecq\/#webpage","url":"http:\/\/www.lepecqtrampoline.fr\/index.php\/ville-du-pecq\/","name":"Ville du Pecq -","isPartOf":{"@id":"http:\/\/www.lepecqtrampoline.fr\/#website"},"primaryImageOfPage":{"@id":"http:\/\/www.lepecqtrampoline.fr\/index.php\/ville-du-pecq\/#primaryimage"},"datePublished":"2019-05-01T21:15:57+00:00","dateModified":"2019-07-02T15:41:38+00:00","breadcrumb":{"@id":"http:\/\/www.lepecqtrampoline.fr\/index.php\/ville-du-pecq\/#breadcrumb"},"inLanguage":"en-US","potentialAction":[{"@type":"ReadAction","target":["http:\/\/www.lepecqtrampoline.fr\/index.php\/ville-du-pecq\/"]}]},{"@type":"BreadcrumbList","@id":"http:\/\/www.lepecqtrampoline.fr\/index.php\/ville-du-pecq\/#breadcrumb","itemListElement":[{"@type":"ListItem","position":1,"name":"Accueil","item":"http:\/\/www.lepecqtrampoline.fr\/"},{"@type":"ListItem","position":2,"name":"Ville du Pecq"}]}]}},"_links":{"self":[{"href":"http:\/\/www.lepecqtrampoline.fr\/index.php\/wp-json\/wp\/v2\/pages\/54"}],"collection":[{"href":"http:\/\/www.lepecqtrampoline.fr\/index.php\/wp-json\/wp\/v2\/pages"}],"about":[{"href":"http:\/\/www.lepecqtrampoline.fr\/index.php\/wp-json\/wp\/v2\/types\/page"}],"author":[{"embeddable":true,"href":"http:\/\/www.lepecqtrampoline.fr\/index.php\/wp-json\/wp\/v2\/users\/1"}],"replies":[{"embeddable":true,"href":"http:\/\/www.lepecqtrampoline.fr\/index.php\/wp-json\/wp\/v2\/comments?post=54"}],"version-history":[{"count":5,"href":"http:\/\/www.lepecqtrampoline.fr\/index.php\/wp-json\/wp\/v2\/pages\/54\/revisions"}],"predecessor-version":[{"id":755,"href":"http:\/\/www.lepecqtrampoline.fr\/index.php\/wp-json\/wp\/v2\/pages\/54\/revisions\/755"}],"wp:attachment":[{"href":"http:\/\/www.lepecqtrampoline.fr\/index.php\/wp-json\/wp\/v2\/media?parent=54"}],"curies":[{"name":"wp","href":"https:\/\/api.w.org\/{rel}","templated":true}]}}

<div class="wp-block-image"><figure class="aligncenter"><img loading="lazy" width="273" height="90" src="http://dev.lepecqtrampoline.fr/wp-content/uploads/2019/07/Capture-d’écran-2019-07-02-à-17.37.54.png" alt="" class="wp-image-754"/></figure></div>



<p>Partenaire historique de notre club, la ville du Pecq par l’octroi de subventions annuelles, la mise à disposition de ses installations sportives pour les entrainements et les compétitions et le dynamisme de son équipe municipale contribue fortement au rayonnement du club.</p>



<p style="text-align:center"><strong>C&#8217;est notre premier supporter</strong>!<br></p>

<p>Partenaire historique de notre club, la ville du Pecq par l’octroi de subventions annuelles, la mise à disposition de ses installations sportives pour les entrainements et les compétitions et le dynamisme de son équipe municipale contribue fortement au rayonnement du club. C&#8217;est notre premier supporter!</p>

<!-- This site is optimized with the Yoast SEO plugin v18.4.1 - https://yoast.com/wordpress/plugins/seo/ -->
<title>Ville du Pecq -</title>
<meta name="robots" content="index, follow, max-snippet:-1, max-image-preview:large, max-video-preview:-1" />
<link rel="canonical" href="http://www.lepecqtrampoline.fr/index.php/ville-du-pecq/" />
<meta property="og:locale" content="en_US" />
<meta property="og:type" content="article" />
<meta property="og:title" content="Ville du Pecq -" />
<meta property="og:description" content="Partenaire historique de notre club, la ville du Pecq par l’octroi de subventions annuelles, la mise à disposition de ses installations sportives pour les entrainements et les compétitions et le dynamisme de son équipe municipale contribue fortement au rayonnement du club. C&#8217;est notre premier supporter!" />
<meta property="og:url" content="http://www.lepecqtrampoline.fr/index.php/ville-du-pecq/" />
<meta property="article:publisher" content="https://www.facebook.com/Alpicairforce/" />
<meta property="article:modified_time" content="2019-07-02T15:41:38+00:00" />
<meta property="og:image" content="http://dev.lepecqtrampoline.fr/wp-content/uploads/2019/07/Capture-d’écran-2019-07-02-à-17.37.54.png" />
<meta name="twitter:card" content="summary_large_image" />
<script type="application/ld+json" class="yoast-schema-graph">{"@context":"https://schema.org","@graph":[{"@type":"Organization","@id":"http://www.lepecqtrampoline.fr/#organization","name":"Alpic Air Force Academy","url":"http://www.lepecqtrampoline.fr/","sameAs":["https://www.facebook.com/Alpicairforce/"],"logo":{"@type":"ImageObject","@id":"http://www.lepecqtrampoline.fr/#logo","inLanguage":"en-US","url":"http://dev.lepecqtrampoline.fr/wp-content/uploads/2019/06/logo.png","contentUrl":"http://dev.lepecqtrampoline.fr/wp-content/uploads/2019/06/logo.png","width":546,"height":220,"caption":"Alpic Air Force Academy"},"image":{"@id":"http://www.lepecqtrampoline.fr/#logo"}},{"@type":"WebSite","@id":"http://www.lepecqtrampoline.fr/#website","url":"http://www.lepecqtrampoline.fr/","name":"AlpicAirForce Academy","description":"","publisher":{"@id":"http://www.lepecqtrampoline.fr/#organization"},"potentialAction":[{"@type":"SearchAction","target":{"@type":"EntryPoint","urlTemplate":"http://www.lepecqtrampoline.fr/?s={search_term_string}"},"query-input":"required name=search_term_string"}],"inLanguage":"en-US"},{"@type":"ImageObject","@id":"http://www.lepecqtrampoline.fr/index.php/ville-du-pecq/#primaryimage","inLanguage":"en-US","url":"http://dev.lepecqtrampoline.fr/wp-content/uploads/2019/07/Capture-d’écran-2019-07-02-à-17.37.54.png","contentUrl":"http://dev.lepecqtrampoline.fr/wp-content/uploads/2019/07/Capture-d’écran-2019-07-02-à-17.37.54.png","width":273,"height":90},{"@type":"WebPage","@id":"http://www.lepecqtrampoline.fr/index.php/ville-du-pecq/#webpage","url":"http://www.lepecqtrampoline.fr/index.php/ville-du-pecq/","name":"Ville du Pecq -","isPartOf":{"@id":"http://www.lepecqtrampoline.fr/#website"},"primaryImageOfPage":{"@id":"http://www.lepecqtrampoline.fr/index.php/ville-du-pecq/#primaryimage"},"datePublished":"2019-05-01T21:15:57+00:00","dateModified":"2019-07-02T15:41:38+00:00","breadcrumb":{"@id":"http://www.lepecqtrampoline.fr/index.php/ville-du-pecq/#breadcrumb"},"inLanguage":"en-US","potentialAction":[{"@type":"ReadAction","target":["http://www.lepecqtrampoline.fr/index.php/ville-du-pecq/"]}]},{"@type":"BreadcrumbList","@id":"http://www.lepecqtrampoline.fr/index.php/ville-du-pecq/#breadcrumb","itemListElement":[{"@type":"ListItem","position":1,"name":"Accueil","item":"http://www.lepecqtrampoline.fr/"},{"@type":"ListItem","position":2,"name":"Ville du Pecq"}]}]}</script>
<!-- / Yoast SEO plugin. -->

Partenaire historique de notre club, la ville du Pecq par l’octroi de subventions annuelles, la mise à disposition de ses installations sportives pour les entrainements et les compétitions et le dynamisme de son équipe municipale contribue fortement au rayonnement du club. C&#8217;est notre premier supporter!
