{"id":12,"date":"2019-05-01T23:11:54","date_gmt":"2019-05-01T21:11:54","guid":{"rendered":"http:\/\/dev.lepecqtrampoline.fr\/?page_id=12"},"modified":"2025-05-04T11:28:57","modified_gmt":"2025-05-04T09:28:57","slug":"lequipe-encadrante","status":"publish","type":"page","link":"http:\/\/www.lepecqtrampoline.fr\/index.php\/lequipe-encadrante\/","title":{"rendered":"L&#8217;\u00e9quipe encadrante"},"content":{"rendered":"\r\n<p><strong>Nos entraineurs professionnels<\/strong><\/p>\r\n\r\n\r\n\r\n<ul>\r\n<li><strong>Marl\u00e8ne Conte\u00a0: <\/strong>Brevet d\u00a0\u2018\u00e9tat 2\u00b0 Directrice technique de l\u2019Acad\u00e9my<\/li>\r\n<li><strong>Marc Tondeleir <\/strong>: BPJEPS sp\u00e9cialiste Parkour Freerunning<\/li>\r\n<li><strong>Cyrielle Regulus<\/strong> : Licence Staps sp\u00e9cialis\u00e9e APA et activit\u00e9s acrobatiques\u00a0<\/li>\r\n<li><strong>Gascoin Charly<\/strong> En formation CQP<\/li>\r\n<li><strong>Mathieu Pereira\u00a0: <\/strong>Pr\u00e9parateur Physique dipl\u00f4m\u00e9, pr\u00e9parateur Pole France Insep<\/li>\r\n<li><strong>Philippe Labeau\u00a0: <\/strong>Brevet d \u2018\u00e9tat 2\u00b0 Pr\u00e9parateur acrobatique<\/li>\r\n<li><strong>Anais Neff<\/strong> : Professeur EPS, sp\u00e9cialiste gymnastique (section sportive coll\u00e8ge)<\/li>\r\n<\/ul>\r\n\r\n\r\n\r\n<p><strong>Nos entraineurs form\u00e9s FF GYM b\u00e9n\u00e9voles\u00a0<\/strong><\/p>\r\n\r\n\r\n\r\n<ul>\r\n<li><strong>Mila Parfait : <\/strong>Animatrice initiatrice, Kin\u00e9sith\u00e9rapeute<\/li>\r\n<li><strong>C\u00e9lestin Fradet<\/strong> : Etudiant en STAPS<\/li>\r\n<li><strong>Antoine Meurant :\u00a0 <\/strong>Animateur Initiateur , lyc\u00e9en<\/li>\r\n<li><strong>Ryan Sheehan<\/strong> Animateur entraineur (Canada Gymnastics)<\/li>\r\n<li><strong>Lisa Martin<\/strong> \u00e9tudiante<\/li>\r\n<li><strong>Adrien Meyer<\/strong> initiateur Parkour, \u00e9tudiant Staps.<\/li>\r\n<li><strong>Sacha Ledent<\/strong> Initiateur, Lyc\u00e9en<\/li>\r\n<li><strong>Rollot Clovis<\/strong> lyc\u00e9en et en formation animateur<\/li>\r\n<li><strong>Reymond Gaspard<\/strong> lyc\u00e9en en formation animateur<\/li>\r\n<\/ul>\r\n","protected":false},"excerpt":{"rendered":"<p>Nos entraineurs professionnels Marl\u00e8ne Conte\u00a0: Brevet d\u00a0\u2018\u00e9tat 2\u00b0 Directrice technique de l\u2019Acad\u00e9my Marc Tondeleir : BPJEPS sp\u00e9cialiste Parkour Freerunning Cyrielle Regulus : Licence Staps sp\u00e9cialis\u00e9e APA et activit\u00e9s acrobatiques\u00a0 Gascoin Charly En formation CQP Mathieu Pereira\u00a0: Pr\u00e9parateur Physique dipl\u00f4m\u00e9, pr\u00e9parateur Pole France Insep Philippe Labeau\u00a0: Brevet d \u2018\u00e9tat 2\u00b0 Pr\u00e9parateur acrobatique Anais Neff : Professeur [&hellip;]<\/p>\n","protected":false},"author":1,"featured_media":0,"parent":0,"menu_order":0,"comment_status":"closed","ping_status":"closed","template":"","meta":[],"yoast_head":"<!-- This site is optimized with the Yoast SEO plugin v18.4.1 - https:\/\/yoast.com\/wordpress\/plugins\/seo\/ -->\n<title>L&#039;\u00e9quipe encadrante -<\/title>\n<meta name=\"robots\" content=\"index, follow, max-snippet:-1, max-image-preview:large, max-video-preview:-1\" \/>\n<link rel=\"canonical\" href=\"https:\/\/www.lepecqtrampoline.fr\/index.php\/lequipe-encadrante\/\" \/>\n<meta property=\"og:locale\" content=\"en_US\" \/>\n<meta property=\"og:type\" content=\"article\" \/>\n<meta property=\"og:title\" content=\"L&#039;\u00e9quipe encadrante -\" \/>\n<meta property=\"og:description\" content=\"Nos entraineurs professionnels Marl\u00e8ne Conte\u00a0: Brevet d\u00a0\u2018\u00e9tat 2\u00b0 Directrice technique de l\u2019Acad\u00e9my Marc Tondeleir : BPJEPS sp\u00e9cialiste Parkour Freerunning Cyrielle Regulus : Licence Staps sp\u00e9cialis\u00e9e APA et activit\u00e9s acrobatiques\u00a0 Gascoin Charly En formation CQP Mathieu Pereira\u00a0: Pr\u00e9parateur Physique dipl\u00f4m\u00e9, pr\u00e9parateur Pole France Insep Philippe Labeau\u00a0: Brevet d \u2018\u00e9tat 2\u00b0 Pr\u00e9parateur acrobatique Anais Neff : Professeur [&hellip;]\" \/>\n<meta property=\"og:url\" content=\"https:\/\/www.lepecqtrampoline.fr\/index.php\/lequipe-encadrante\/\" \/>\n<meta property=\"article:publisher\" content=\"https:\/\/www.facebook.com\/Alpicairforce\/\" \/>\n<meta property=\"article:modified_time\" content=\"2025-05-04T09:28:57+00:00\" \/>\n<meta name=\"twitter:card\" content=\"summary_large_image\" \/>\n<meta name=\"twitter:label1\" content=\"Est. reading time\" \/>\n\t<meta name=\"twitter:data1\" content=\"1 minute\" \/>\n<script type=\"application\/ld+json\" class=\"yoast-schema-graph\">{\"@context\":\"https:\/\/schema.org\",\"@graph\":[{\"@type\":\"Organization\",\"@id\":\"https:\/\/www.lepecqtrampoline.fr\/#organization\",\"name\":\"Alpic Air Force Academy\",\"url\":\"https:\/\/www.lepecqtrampoline.fr\/\",\"sameAs\":[\"https:\/\/www.facebook.com\/Alpicairforce\/\"],\"logo\":{\"@type\":\"ImageObject\",\"@id\":\"https:\/\/www.lepecqtrampoline.fr\/#logo\",\"inLanguage\":\"en-US\",\"url\":\"http:\/\/dev.lepecqtrampoline.fr\/wp-content\/uploads\/2019\/06\/logo.png\",\"contentUrl\":\"http:\/\/dev.lepecqtrampoline.fr\/wp-content\/uploads\/2019\/06\/logo.png\",\"width\":546,\"height\":220,\"caption\":\"Alpic Air Force Academy\"},\"image\":{\"@id\":\"https:\/\/www.lepecqtrampoline.fr\/#logo\"}},{\"@type\":\"WebSite\",\"@id\":\"https:\/\/www.lepecqtrampoline.fr\/#website\",\"url\":\"https:\/\/www.lepecqtrampoline.fr\/\",\"name\":\"AlpicAirForce Academy\",\"description\":\"\",\"publisher\":{\"@id\":\"https:\/\/www.lepecqtrampoline.fr\/#organization\"},\"potentialAction\":[{\"@type\":\"SearchAction\",\"target\":{\"@type\":\"EntryPoint\",\"urlTemplate\":\"https:\/\/www.lepecqtrampoline.fr\/?s={search_term_string}\"},\"query-input\":\"required name=search_term_string\"}],\"inLanguage\":\"en-US\"},{\"@type\":\"WebPage\",\"@id\":\"https:\/\/www.lepecqtrampoline.fr\/index.php\/lequipe-encadrante\/#webpage\",\"url\":\"https:\/\/www.lepecqtrampoline.fr\/index.php\/lequipe-encadrante\/\",\"name\":\"L'\u00e9quipe encadrante -\",\"isPartOf\":{\"@id\":\"https:\/\/www.lepecqtrampoline.fr\/#website\"},\"datePublished\":\"2019-05-01T21:11:54+00:00\",\"dateModified\":\"2025-05-04T09:28:57+00:00\",\"breadcrumb\":{\"@id\":\"https:\/\/www.lepecqtrampoline.fr\/index.php\/lequipe-encadrante\/#breadcrumb\"},\"inLanguage\":\"en-US\",\"potentialAction\":[{\"@type\":\"ReadAction\",\"target\":[\"https:\/\/www.lepecqtrampoline.fr\/index.php\/lequipe-encadrante\/\"]}]},{\"@type\":\"BreadcrumbList\",\"@id\":\"https:\/\/www.lepecqtrampoline.fr\/index.php\/lequipe-encadrante\/#breadcrumb\",\"itemListElement\":[{\"@type\":\"ListItem\",\"position\":1,\"name\":\"Accueil\",\"item\":\"https:\/\/www.lepecqtrampoline.fr\/\"},{\"@type\":\"ListItem\",\"position\":2,\"name\":\"L&#8217;\u00e9quipe encadrante\"}]}]}<\/script>\n<!-- \/ Yoast SEO plugin. -->","yoast_head_json":{"title":"L'\u00e9quipe encadrante -","robots":{"index":"index","follow":"follow","max-snippet":"max-snippet:-1","max-image-preview":"max-image-preview:large","max-video-preview":"max-video-preview:-1"},"canonical":"https:\/\/www.lepecqtrampoline.fr\/index.php\/lequipe-encadrante\/","og_locale":"en_US","og_type":"article","og_title":"L'\u00e9quipe encadrante -","og_description":"Nos entraineurs professionnels Marl\u00e8ne Conte\u00a0: Brevet d\u00a0\u2018\u00e9tat 2\u00b0 Directrice technique de l\u2019Acad\u00e9my Marc Tondeleir : BPJEPS sp\u00e9cialiste Parkour Freerunning Cyrielle Regulus : Licence Staps sp\u00e9cialis\u00e9e APA et activit\u00e9s acrobatiques\u00a0 Gascoin Charly En formation CQP Mathieu Pereira\u00a0: Pr\u00e9parateur Physique dipl\u00f4m\u00e9, pr\u00e9parateur Pole France Insep Philippe Labeau\u00a0: Brevet d \u2018\u00e9tat 2\u00b0 Pr\u00e9parateur acrobatique Anais Neff : Professeur [&hellip;]","og_url":"https:\/\/www.lepecqtrampoline.fr\/index.php\/lequipe-encadrante\/","article_publisher":"https:\/\/www.facebook.com\/Alpicairforce\/","article_modified_time":"2025-05-04T09:28:57+00:00","twitter_card":"summary_large_image","twitter_misc":{"Est. reading time":"1 minute"},"schema":{"@context":"https:\/\/schema.org","@graph":[{"@type":"Organization","@id":"https:\/\/www.lepecqtrampoline.fr\/#organization","name":"Alpic Air Force Academy","url":"https:\/\/www.lepecqtrampoline.fr\/","sameAs":["https:\/\/www.facebook.com\/Alpicairforce\/"],"logo":{"@type":"ImageObject","@id":"https:\/\/www.lepecqtrampoline.fr\/#logo","inLanguage":"en-US","url":"http:\/\/dev.lepecqtrampoline.fr\/wp-content\/uploads\/2019\/06\/logo.png","contentUrl":"http:\/\/dev.lepecqtrampoline.fr\/wp-content\/uploads\/2019\/06\/logo.png","width":546,"height":220,"caption":"Alpic Air Force Academy"},"image":{"@id":"https:\/\/www.lepecqtrampoline.fr\/#logo"}},{"@type":"WebSite","@id":"https:\/\/www.lepecqtrampoline.fr\/#website","url":"https:\/\/www.lepecqtrampoline.fr\/","name":"AlpicAirForce Academy","description":"","publisher":{"@id":"https:\/\/www.lepecqtrampoline.fr\/#organization"},"potentialAction":[{"@type":"SearchAction","target":{"@type":"EntryPoint","urlTemplate":"https:\/\/www.lepecqtrampoline.fr\/?s={search_term_string}"},"query-input":"required name=search_term_string"}],"inLanguage":"en-US"},{"@type":"WebPage","@id":"https:\/\/www.lepecqtrampoline.fr\/index.php\/lequipe-encadrante\/#webpage","url":"https:\/\/www.lepecqtrampoline.fr\/index.php\/lequipe-encadrante\/","name":"L'\u00e9quipe encadrante -","isPartOf":{"@id":"https:\/\/www.lepecqtrampoline.fr\/#website"},"datePublished":"2019-05-01T21:11:54+00:00","dateModified":"2025-05-04T09:28:57+00:00","breadcrumb":{"@id":"https:\/\/www.lepecqtrampoline.fr\/index.php\/lequipe-encadrante\/#breadcrumb"},"inLanguage":"en-US","potentialAction":[{"@type":"ReadAction","target":["https:\/\/www.lepecqtrampoline.fr\/index.php\/lequipe-encadrante\/"]}]},{"@type":"BreadcrumbList","@id":"https:\/\/www.lepecqtrampoline.fr\/index.php\/lequipe-encadrante\/#breadcrumb","itemListElement":[{"@type":"ListItem","position":1,"name":"Accueil","item":"https:\/\/www.lepecqtrampoline.fr\/"},{"@type":"ListItem","position":2,"name":"L&#8217;\u00e9quipe encadrante"}]}]}},"_links":{"self":[{"href":"http:\/\/www.lepecqtrampoline.fr\/index.php\/wp-json\/wp\/v2\/pages\/12"}],"collection":[{"href":"http:\/\/www.lepecqtrampoline.fr\/index.php\/wp-json\/wp\/v2\/pages"}],"about":[{"href":"http:\/\/www.lepecqtrampoline.fr\/index.php\/wp-json\/wp\/v2\/types\/page"}],"author":[{"embeddable":true,"href":"http:\/\/www.lepecqtrampoline.fr\/index.php\/wp-json\/wp\/v2\/users\/1"}],"replies":[{"embeddable":true,"href":"http:\/\/www.lepecqtrampoline.fr\/index.php\/wp-json\/wp\/v2\/comments?post=12"}],"version-history":[{"count":16,"href":"http:\/\/www.lepecqtrampoline.fr\/index.php\/wp-json\/wp\/v2\/pages\/12\/revisions"}],"predecessor-version":[{"id":1480,"href":"http:\/\/www.lepecqtrampoline.fr\/index.php\/wp-json\/wp\/v2\/pages\/12\/revisions\/1480"}],"wp:attachment":[{"href":"http:\/\/www.lepecqtrampoline.fr\/index.php\/wp-json\/wp\/v2\/media?parent=12"}],"curies":[{"name":"wp","href":"https:\/\/api.w.org\/{rel}","templated":true}]}}