{"id":1012,"date":"2020-07-11T19:43:32","date_gmt":"2020-07-11T17:43:32","guid":{"rendered":"http:\/\/dev.lepecqtrampoline.fr\/?page_id=1012"},"modified":"2024-04-24T18:44:25","modified_gmt":"2024-04-24T16:44:25","slug":"pass-conseil-departemental-des-yvelines","status":"publish","type":"page","link":"http:\/\/www.lepecqtrampoline.fr\/index.php\/pass-conseil-departemental-des-yvelines\/","title":{"rendered":"Pass+ Conseil d\u00e9partemental des Yvelines"},"content":{"rendered":"\r\n<div class=\"wp-block-image\">\r\n<figure class=\"aligncenter\"><img src=\"http:\/\/scapatel.fr\/wp-content\/uploads\/2020\/07\/Pass-2020-bannie%CC%80re-480x320-1.jpg\" alt=\"This image has an empty alt attribute; its file name is Pass-2020-banni\u00e8re-480x320-1.jpg\" \/><\/figure>\r\n<\/div>\r\n\r\n\r\n\r\n<p>Le CSM Le Pecq est partenaire de l&#8217;op\u00e9ration Pass +.<\/p>\r\n\r\n\r\n\r\n<p>Pour tous les coll\u00e9giens Yvelinois un porte monnaie \u00e9lectronique est propos\u00e9<\/p>\r\n\r\n\r\n\r\n<h2><a href=\"https:\/\/www.passplus.fr\/Beneficiaire\/LandingPage.aspx?ReturnUrl=%2fBeneficiaire%2findex.html\" target=\"_blank\" rel=\"noreferrer noopener\">Rendez vous sur la plateforme de l&#8217;op\u00e9ration<\/a><\/h2>\r\n","protected":false},"excerpt":{"rendered":"<p>Le CSM Le Pecq est partenaire de l&#8217;op\u00e9ration Pass +. Pour tous les coll\u00e9giens Yvelinois un porte monnaie \u00e9lectronique est propos\u00e9 Rendez vous sur la plateforme de l&#8217;op\u00e9ration<\/p>\n","protected":false},"author":1,"featured_media":0,"parent":0,"menu_order":0,"comment_status":"closed","ping_status":"closed","template":"","meta":[],"yoast_head":"<!-- This site is optimized with the Yoast SEO plugin v18.4.1 - https:\/\/yoast.com\/wordpress\/plugins\/seo\/ -->\n<title>Pass+ Conseil d\u00e9partemental des Yvelines -<\/title>\n<meta name=\"robots\" content=\"index, follow, max-snippet:-1, max-image-preview:large, max-video-preview:-1\" \/>\n<link rel=\"canonical\" href=\"http:\/\/www.lepecqtrampoline.fr\/index.php\/pass-conseil-departemental-des-yvelines\/\" \/>\n<meta property=\"og:locale\" content=\"en_US\" \/>\n<meta property=\"og:type\" content=\"article\" \/>\n<meta property=\"og:title\" content=\"Pass+ Conseil d\u00e9partemental des Yvelines -\" \/>\n<meta property=\"og:description\" content=\"Le CSM Le Pecq est partenaire de l&#8217;op\u00e9ration Pass +. Pour tous les coll\u00e9giens Yvelinois un porte monnaie \u00e9lectronique est propos\u00e9 Rendez vous sur la plateforme de l&#8217;op\u00e9ration\" \/>\n<meta property=\"og:url\" content=\"http:\/\/www.lepecqtrampoline.fr\/index.php\/pass-conseil-departemental-des-yvelines\/\" \/>\n<meta property=\"article:publisher\" content=\"https:\/\/www.facebook.com\/Alpicairforce\/\" \/>\n<meta property=\"article:modified_time\" content=\"2024-04-24T16:44:25+00:00\" \/>\n<meta property=\"og:image\" content=\"http:\/\/scapatel.fr\/wp-content\/uploads\/2020\/07\/Pass-2020-bannie%CC%80re-480x320-1.jpg\" \/>\n<meta name=\"twitter:card\" content=\"summary_large_image\" \/>\n<script type=\"application\/ld+json\" class=\"yoast-schema-graph\">{\"@context\":\"https:\/\/schema.org\",\"@graph\":[{\"@type\":\"Organization\",\"@id\":\"https:\/\/www.lepecqtrampoline.fr\/#organization\",\"name\":\"Alpic Air Force Academy\",\"url\":\"https:\/\/www.lepecqtrampoline.fr\/\",\"sameAs\":[\"https:\/\/www.facebook.com\/Alpicairforce\/\"],\"logo\":{\"@type\":\"ImageObject\",\"@id\":\"https:\/\/www.lepecqtrampoline.fr\/#logo\",\"inLanguage\":\"en-US\",\"url\":\"http:\/\/dev.lepecqtrampoline.fr\/wp-content\/uploads\/2019\/06\/logo.png\",\"contentUrl\":\"http:\/\/dev.lepecqtrampoline.fr\/wp-content\/uploads\/2019\/06\/logo.png\",\"width\":546,\"height\":220,\"caption\":\"Alpic Air Force Academy\"},\"image\":{\"@id\":\"https:\/\/www.lepecqtrampoline.fr\/#logo\"}},{\"@type\":\"WebSite\",\"@id\":\"https:\/\/www.lepecqtrampoline.fr\/#website\",\"url\":\"https:\/\/www.lepecqtrampoline.fr\/\",\"name\":\"AlpicAirForce Academy\",\"description\":\"\",\"publisher\":{\"@id\":\"https:\/\/www.lepecqtrampoline.fr\/#organization\"},\"potentialAction\":[{\"@type\":\"SearchAction\",\"target\":{\"@type\":\"EntryPoint\",\"urlTemplate\":\"https:\/\/www.lepecqtrampoline.fr\/?s={search_term_string}\"},\"query-input\":\"required name=search_term_string\"}],\"inLanguage\":\"en-US\"},{\"@type\":\"ImageObject\",\"@id\":\"http:\/\/www.lepecqtrampoline.fr\/index.php\/pass-conseil-departemental-des-yvelines\/#primaryimage\",\"inLanguage\":\"en-US\",\"url\":\"http:\/\/scapatel.fr\/wp-content\/uploads\/2020\/07\/Pass-2020-bannie%CC%80re-480x320-1.jpg\",\"contentUrl\":\"http:\/\/scapatel.fr\/wp-content\/uploads\/2020\/07\/Pass-2020-bannie%CC%80re-480x320-1.jpg\"},{\"@type\":\"WebPage\",\"@id\":\"http:\/\/www.lepecqtrampoline.fr\/index.php\/pass-conseil-departemental-des-yvelines\/#webpage\",\"url\":\"http:\/\/www.lepecqtrampoline.fr\/index.php\/pass-conseil-departemental-des-yvelines\/\",\"name\":\"Pass+ Conseil d\u00e9partemental des Yvelines -\",\"isPartOf\":{\"@id\":\"https:\/\/www.lepecqtrampoline.fr\/#website\"},\"primaryImageOfPage\":{\"@id\":\"http:\/\/www.lepecqtrampoline.fr\/index.php\/pass-conseil-departemental-des-yvelines\/#primaryimage\"},\"datePublished\":\"2020-07-11T17:43:32+00:00\",\"dateModified\":\"2024-04-24T16:44:25+00:00\",\"breadcrumb\":{\"@id\":\"http:\/\/www.lepecqtrampoline.fr\/index.php\/pass-conseil-departemental-des-yvelines\/#breadcrumb\"},\"inLanguage\":\"en-US\",\"potentialAction\":[{\"@type\":\"ReadAction\",\"target\":[\"http:\/\/www.lepecqtrampoline.fr\/index.php\/pass-conseil-departemental-des-yvelines\/\"]}]},{\"@type\":\"BreadcrumbList\",\"@id\":\"http:\/\/www.lepecqtrampoline.fr\/index.php\/pass-conseil-departemental-des-yvelines\/#breadcrumb\",\"itemListElement\":[{\"@type\":\"ListItem\",\"position\":1,\"name\":\"Accueil\",\"item\":\"https:\/\/www.lepecqtrampoline.fr\/\"},{\"@type\":\"ListItem\",\"position\":2,\"name\":\"Pass+ Conseil d\u00e9partemental des Yvelines\"}]}]}<\/script>\n<!-- \/ Yoast SEO plugin. -->","yoast_head_json":{"title":"Pass+ Conseil d\u00e9partemental des Yvelines -","robots":{"index":"index","follow":"follow","max-snippet":"max-snippet:-1","max-image-preview":"max-image-preview:large","max-video-preview":"max-video-preview:-1"},"canonical":"http:\/\/www.lepecqtrampoline.fr\/index.php\/pass-conseil-departemental-des-yvelines\/","og_locale":"en_US","og_type":"article","og_title":"Pass+ Conseil d\u00e9partemental des Yvelines -","og_description":"Le CSM Le Pecq est partenaire de l&#8217;op\u00e9ration Pass +. Pour tous les coll\u00e9giens Yvelinois un porte monnaie \u00e9lectronique est propos\u00e9 Rendez vous sur la plateforme de l&#8217;op\u00e9ration","og_url":"http:\/\/www.lepecqtrampoline.fr\/index.php\/pass-conseil-departemental-des-yvelines\/","article_publisher":"https:\/\/www.facebook.com\/Alpicairforce\/","article_modified_time":"2024-04-24T16:44:25+00:00","og_image":[{"url":"http:\/\/scapatel.fr\/wp-content\/uploads\/2020\/07\/Pass-2020-bannie%CC%80re-480x320-1.jpg"}],"twitter_card":"summary_large_image","schema":{"@context":"https:\/\/schema.org","@graph":[{"@type":"Organization","@id":"https:\/\/www.lepecqtrampoline.fr\/#organization","name":"Alpic Air Force Academy","url":"https:\/\/www.lepecqtrampoline.fr\/","sameAs":["https:\/\/www.facebook.com\/Alpicairforce\/"],"logo":{"@type":"ImageObject","@id":"https:\/\/www.lepecqtrampoline.fr\/#logo","inLanguage":"en-US","url":"http:\/\/dev.lepecqtrampoline.fr\/wp-content\/uploads\/2019\/06\/logo.png","contentUrl":"http:\/\/dev.lepecqtrampoline.fr\/wp-content\/uploads\/2019\/06\/logo.png","width":546,"height":220,"caption":"Alpic Air Force Academy"},"image":{"@id":"https:\/\/www.lepecqtrampoline.fr\/#logo"}},{"@type":"WebSite","@id":"https:\/\/www.lepecqtrampoline.fr\/#website","url":"https:\/\/www.lepecqtrampoline.fr\/","name":"AlpicAirForce Academy","description":"","publisher":{"@id":"https:\/\/www.lepecqtrampoline.fr\/#organization"},"potentialAction":[{"@type":"SearchAction","target":{"@type":"EntryPoint","urlTemplate":"https:\/\/www.lepecqtrampoline.fr\/?s={search_term_string}"},"query-input":"required name=search_term_string"}],"inLanguage":"en-US"},{"@type":"ImageObject","@id":"http:\/\/www.lepecqtrampoline.fr\/index.php\/pass-conseil-departemental-des-yvelines\/#primaryimage","inLanguage":"en-US","url":"http:\/\/scapatel.fr\/wp-content\/uploads\/2020\/07\/Pass-2020-bannie%CC%80re-480x320-1.jpg","contentUrl":"http:\/\/scapatel.fr\/wp-content\/uploads\/2020\/07\/Pass-2020-bannie%CC%80re-480x320-1.jpg"},{"@type":"WebPage","@id":"http:\/\/www.lepecqtrampoline.fr\/index.php\/pass-conseil-departemental-des-yvelines\/#webpage","url":"http:\/\/www.lepecqtrampoline.fr\/index.php\/pass-conseil-departemental-des-yvelines\/","name":"Pass+ Conseil d\u00e9partemental des Yvelines -","isPartOf":{"@id":"https:\/\/www.lepecqtrampoline.fr\/#website"},"primaryImageOfPage":{"@id":"http:\/\/www.lepecqtrampoline.fr\/index.php\/pass-conseil-departemental-des-yvelines\/#primaryimage"},"datePublished":"2020-07-11T17:43:32+00:00","dateModified":"2024-04-24T16:44:25+00:00","breadcrumb":{"@id":"http:\/\/www.lepecqtrampoline.fr\/index.php\/pass-conseil-departemental-des-yvelines\/#breadcrumb"},"inLanguage":"en-US","potentialAction":[{"@type":"ReadAction","target":["http:\/\/www.lepecqtrampoline.fr\/index.php\/pass-conseil-departemental-des-yvelines\/"]}]},{"@type":"BreadcrumbList","@id":"http:\/\/www.lepecqtrampoline.fr\/index.php\/pass-conseil-departemental-des-yvelines\/#breadcrumb","itemListElement":[{"@type":"ListItem","position":1,"name":"Accueil","item":"https:\/\/www.lepecqtrampoline.fr\/"},{"@type":"ListItem","position":2,"name":"Pass+ Conseil d\u00e9partemental des Yvelines"}]}]}},"_links":{"self":[{"href":"http:\/\/www.lepecqtrampoline.fr\/index.php\/wp-json\/wp\/v2\/pages\/1012"}],"collection":[{"href":"http:\/\/www.lepecqtrampoline.fr\/index.php\/wp-json\/wp\/v2\/pages"}],"about":[{"href":"http:\/\/www.lepecqtrampoline.fr\/index.php\/wp-json\/wp\/v2\/types\/page"}],"author":[{"embeddable":true,"href":"http:\/\/www.lepecqtrampoline.fr\/index.php\/wp-json\/wp\/v2\/users\/1"}],"replies":[{"embeddable":true,"href":"http:\/\/www.lepecqtrampoline.fr\/index.php\/wp-json\/wp\/v2\/comments?post=1012"}],"version-history":[{"count":3,"href":"http:\/\/www.lepecqtrampoline.fr\/index.php\/wp-json\/wp\/v2\/pages\/1012\/revisions"}],"predecessor-version":[{"id":1387,"href":"http:\/\/www.lepecqtrampoline.fr\/index.php\/wp-json\/wp\/v2\/pages\/1012\/revisions\/1387"}],"wp:attachment":[{"href":"http:\/\/www.lepecqtrampoline.fr\/index.php\/wp-json\/wp\/v2\/media?parent=1012"}],"curies":[{"name":"wp","href":"https:\/\/api.w.org\/{rel}","templated":true}]}}

Pass+ Conseil départemental des Yvelines

<div class="wp-block-image">
<figure class="aligncenter"><img src="http://scapatel.fr/wp-content/uploads/2020/07/Pass-2020-bannie%CC%80re-480x320-1.jpg" alt="This image has an empty alt attribute; its file name is Pass-2020-bannière-480x320-1.jpg" /></figure>
</div>



<p>Le CSM Le Pecq est partenaire de l&#8217;opération Pass +.</p>



<p>Pour tous les collégiens Yvelinois un porte monnaie électronique est proposé</p>



<h2><a href="https://www.passplus.fr/Beneficiaire/LandingPage.aspx?ReturnUrl=%2fBeneficiaire%2findex.html" target="_blank" rel="noreferrer noopener">Rendez vous sur la plateforme de l&#8217;opération</a></h2>

<p>Le CSM Le Pecq est partenaire de l&#8217;opération Pass +. Pour tous les collégiens Yvelinois un porte monnaie électronique est proposé Rendez vous sur la plateforme de l&#8217;opération</p>

<!-- This site is optimized with the Yoast SEO plugin v18.4.1 - https://yoast.com/wordpress/plugins/seo/ -->
<title>Pass+ Conseil départemental des Yvelines -</title>
<meta name="robots" content="index, follow, max-snippet:-1, max-image-preview:large, max-video-preview:-1" />
<link rel="canonical" href="http://www.lepecqtrampoline.fr/index.php/pass-conseil-departemental-des-yvelines/" />
<meta property="og:locale" content="en_US" />
<meta property="og:type" content="article" />
<meta property="og:title" content="Pass+ Conseil départemental des Yvelines -" />
<meta property="og:description" content="Le CSM Le Pecq est partenaire de l&#8217;opération Pass +. Pour tous les collégiens Yvelinois un porte monnaie électronique est proposé Rendez vous sur la plateforme de l&#8217;opération" />
<meta property="og:url" content="http://www.lepecqtrampoline.fr/index.php/pass-conseil-departemental-des-yvelines/" />
<meta property="article:publisher" content="https://www.facebook.com/Alpicairforce/" />
<meta property="article:modified_time" content="2024-04-24T16:44:25+00:00" />
<meta property="og:image" content="http://scapatel.fr/wp-content/uploads/2020/07/Pass-2020-bannie%CC%80re-480x320-1.jpg" />
<meta name="twitter:card" content="summary_large_image" />
<script type="application/ld+json" class="yoast-schema-graph">{"@context":"https://schema.org","@graph":[{"@type":"Organization","@id":"https://www.lepecqtrampoline.fr/#organization","name":"Alpic Air Force Academy","url":"https://www.lepecqtrampoline.fr/","sameAs":["https://www.facebook.com/Alpicairforce/"],"logo":{"@type":"ImageObject","@id":"https://www.lepecqtrampoline.fr/#logo","inLanguage":"en-US","url":"http://dev.lepecqtrampoline.fr/wp-content/uploads/2019/06/logo.png","contentUrl":"http://dev.lepecqtrampoline.fr/wp-content/uploads/2019/06/logo.png","width":546,"height":220,"caption":"Alpic Air Force Academy"},"image":{"@id":"https://www.lepecqtrampoline.fr/#logo"}},{"@type":"WebSite","@id":"https://www.lepecqtrampoline.fr/#website","url":"https://www.lepecqtrampoline.fr/","name":"AlpicAirForce Academy","description":"","publisher":{"@id":"https://www.lepecqtrampoline.fr/#organization"},"potentialAction":[{"@type":"SearchAction","target":{"@type":"EntryPoint","urlTemplate":"https://www.lepecqtrampoline.fr/?s={search_term_string}"},"query-input":"required name=search_term_string"}],"inLanguage":"en-US"},{"@type":"ImageObject","@id":"http://www.lepecqtrampoline.fr/index.php/pass-conseil-departemental-des-yvelines/#primaryimage","inLanguage":"en-US","url":"http://scapatel.fr/wp-content/uploads/2020/07/Pass-2020-bannie%CC%80re-480x320-1.jpg","contentUrl":"http://scapatel.fr/wp-content/uploads/2020/07/Pass-2020-bannie%CC%80re-480x320-1.jpg"},{"@type":"WebPage","@id":"http://www.lepecqtrampoline.fr/index.php/pass-conseil-departemental-des-yvelines/#webpage","url":"http://www.lepecqtrampoline.fr/index.php/pass-conseil-departemental-des-yvelines/","name":"Pass+ Conseil départemental des Yvelines -","isPartOf":{"@id":"https://www.lepecqtrampoline.fr/#website"},"primaryImageOfPage":{"@id":"http://www.lepecqtrampoline.fr/index.php/pass-conseil-departemental-des-yvelines/#primaryimage"},"datePublished":"2020-07-11T17:43:32+00:00","dateModified":"2024-04-24T16:44:25+00:00","breadcrumb":{"@id":"http://www.lepecqtrampoline.fr/index.php/pass-conseil-departemental-des-yvelines/#breadcrumb"},"inLanguage":"en-US","potentialAction":[{"@type":"ReadAction","target":["http://www.lepecqtrampoline.fr/index.php/pass-conseil-departemental-des-yvelines/"]}]},{"@type":"BreadcrumbList","@id":"http://www.lepecqtrampoline.fr/index.php/pass-conseil-departemental-des-yvelines/#breadcrumb","itemListElement":[{"@type":"ListItem","position":1,"name":"Accueil","item":"https://www.lepecqtrampoline.fr/"},{"@type":"ListItem","position":2,"name":"Pass+ Conseil départemental des Yvelines"}]}]}</script>
<!-- / Yoast SEO plugin. -->

Pass+ Conseil départemental des Yvelines -

Le CSM Le Pecq est partenaire de l&#8217;opération Pass +. Pour tous les collégiens Yvelinois un porte monnaie électronique est proposé Rendez vous sur la plateforme de l&#8217;opération
